is cc + -276?
-188
In base 9, what is -172 - -41?
-131
In base 2, what is -11100101110110001 + -101?
-11100101110110110
In base 13, what is 204b5 - 2?
204b3
In base 10, what is 20833 - -2?
20835
In base 7, what is 5 + -451?
-443
In base 10, what is 2 - 180654?
-180652
In base 7, what is -5 - -1466355?
1466350
In base 2, what is 101010011110011100 - 101?
101010011110010111
In base 3, what is 22 + -1120102211222?
-1120102211200
In base 5, what is -24 - -10421302?
10421223
In base 5, what is 140224 - 22?
140202
In base 15, what is 0 + -14221?
-14221
In base 14, what is 25 - 7002?
-6dbb
In base 6, what is 452 - -31?
523
In base 14, what is 235 + -652?
-41b
In base 2, what is -11 - -111001100011111?
111001100011100
In base 12, what is 11 - -31a?
32b
In base 14, what is b5c3 - -1?
b5c4
In base 14, what is 10b7a - 7?
10b73
In base 7, what is -200 - 6460?
-6660
In base 11, what is -1 + -8489?
-848a
In base 11, what is -a88174 + 0?
-a88174
In base 10, what is 166302 - -27?
166329
In base 9, what is 0 - -51788?
51788
In base 8, what is -164022 - 3?
-164025
In base 8, what is 576326 + 10?
576336
In base 11, what is 182 - -64?
236
In base 6, what is -4 - -1454033?
1454025
In base 4, what is -10 - 2031021320?
-2031021330
In base 12, what is -110b + 11?
-10ba
In base 16, what is 1e5 - -20?
205
In base 4, what is 3 + -11021033?
-11021030
In base 6, what is 11231 - -2353?
14024
In base 10, what is 68952 + 2?
68954
In base 4, what is 30132313 - 122?
30132131
In base 13, what is -5 + -2b1ccb?
-2b2003
In base 8, what is 5715 + 51?
5766
In base 11, what is 4 - 49458?
-49454
In base 5, what is 10 - -132123?
132133
In base 4, what is 2 + -1122101121?
-1122101113
In base 7, what is 5464223 - 4?
5464216
In base 7, what is -220 + 11666?
11446
In base 2, what is 1001101 - -101101000?
110110101
In base 2, what is -100 - -1111011111100101?
1111011111100001
In base 6, what is -13 + -11022425?
-11022442
In base 16, what is -177d2 - 20?
-177f2
In base 16, what is 159 + -111e?
-fc5
In base 12, what is -1 + a952?
a951
In base 15, what is -2 - -dcd6?
dcd4
In base 2, what is 11100010010101100 - -101?
11100010010110001
In base 10, what is 16607 - 2?
16605
In base 13, what is -2 - -82647?
82645
In base 6, what is 4413543 + -2?
4413541
In base 5, what is 1 - -134021131?
134021132
In base 5, what is -40 + -32122?
-32212
In base 3, what is 1221001011000 - -1?
1221001011001
In base 16, what is -f76 - -16?
-f60
In base 2, what is 10 + -100011001000100000?
-100011001000011110
In base 9, what is 48 + -2842?
-2783
In base 14, what is -3 + -3671?
-3674
In base 11, what is 474 + -893?
-41a
In base 13, what is -2363a3 + 3?
-2363a0
In base 15, what is -5e - -61?
2
In base 12, what is 30537 + 5?
30540
In base 16, what is 563a + -63?
55d7
In base 5, what is 3 + -12323310?
-12323302
In base 10, what is 7 + 9062?
9069
In base 7, what is 1 + -5234056?
-5234055
In base 9, what is -2316 + -55?
-2372
In base 16, what is fc68 + -4?
fc64
In base 4, what is 3 - -103110?
103113
In base 16, what is fa - 13d?
-43
In base 15, what is -503 + dea?
8e7
In base 12, what is -523 - -a?
-515
In base 15, what is 14 + -9ea?
-9d6
In base 10, what is 5 - 16612?
-16607
In base 6, what is 20054 + 13?
20111
In base 15, what is 2691d + -1?
2691c
In base 6, what is -5534344 + 2?
-5534342
In base 3, what is 1000110221100112 + -2?
1000110221100110
In base 4, what is -1313 + -1311230?
-1313203
In base 5, what is 1213123 - 132?
1212441
In base 3, what is 200222210222 + -10?
200222210212
In base 12, what is 8a + -37?
53
In base 13, what is aa - 1b18?
-1a3b
In base 15, what is -585 - 5?
-58a
In base 7, what is 4 - 113512?
-113505
In base 2, what is 110101111 - 11000111?
11101000
In base 2, what is 1001001011001 - -11010001?
1001100101010
In base 16, what is 59cd - 5?
59c8
In base 15, what is -4 - 12386e?
-123873
In base 8, what is -3065 + -50?
-3135
In base 12, what is 1 + -3651?
-3650
In base 14, what is b0052 + 4?
b0056
In base 15, what is -5583 - 21?
-55a4
In base 6, what is -143 - 11041?
-11224
In base 13, what is -a6 + -12b?
-204
In base 4, what is 11 + -11013132?
-11013121
In base 8, what is 152175 + -1?
152174
In base 6, what is -2451423 + 1?
-2451422
In base 6, what is 30404 - -40?
30444
In base 2, what is 0 - -1011001101110111101?
1011001101110111101
In base 4, what is -1313121 - -133?
-1312322
In base 11, what is -16492a - -3?
-164927
In base 7, what is 65 - 416524?
-416426
In base 2, what is 110101111011111 + 10?
110101111100001
In base 3, what is 2 - -111121022021?
111121022100
In base 9, what is 20626 + -18?
20607
In base 13, what is -34057 - -6?
-34051
In base 12, what is 63 - 1b65?
-1b02
In base 5, what is -10424010000 + -10?
-10424010010
In base 4, what is 101122202 + -3?
101122133
In base 14, what is -b - -1a4?
197
In base 3, what is 1211201002 - -1?
1211201010
In base 12, what is -2 - 5a986?
-5a988
In base 15, what is -5 - -211b2?
211ac
In base 5, what is 13100102 - 0?
13100102
In base 7, what is -43 + 152414?
152341
In base 8, what is 347764 + -15?
347747
In base 11, what is -1583 + -5?
-1588
In base 5, what is -10 - -1234120?
1234110
In base 7, what is 11405 - -1002?
12410
In base 5, what is 113441 + -111?
113330
In base 4, what is -1303101000 + 10?
-1303100330
In base 7, what is 561 - 102?
456
In base 13, what is -3 - -2430?
242a
In base 5, what is 220 - -311234?
312004
In base 13, what is 31 + -bb6b?
-bb3a
In base 8, what is -137 - -55?
-62
In base 9, what is -21161 + -27?
-21188
In base 10, what is -170 + 13?
-157
In base 8, what is 4705 - -14?
4721
In base 13, what is -21520 - 0?
-21520
In base 14, what is -ab61 + b?
-ab54
In base 10, what is 313 + -9?
304
In base 15, what is -d1e988 + 2?
-d1e986
In base 14, what is a5 + 1474?
1539
In base 12, what is 5 + -1129a0?
-112997
In base 8, what is -73 + -21230?
-21323
In base 14, what is 277003 - 5?
276ddc
In base 6, what is -3 - -5550?
5543
In base 10, what is -3 + -21109?
-21112
In base 7, what is 143404 + -5?
143366
In base 10, what is 205 + -1488?
-1283
In base 8, what is -51 - -1655?
1604
In base 15, what is -3a50c + 5?
-3a507
In base 15, what is -48 + 1e74?
1e2b
In base 14, what is -1c48 + -a2?
-1d0a
In base 10, what is 9 - 134227?
-134218
In base 16, what is -2 + -1527?
-1529
In base 13, what is 35 - 54b4?
-547c
In base 6, what is -2 - 32104100?
-32104102
In base 16, what is -1a - 71d8?
-71f2
In base 11, what is -1796 - 10a4?
-288a
In base 14, what is 6 + c578?
c580
In base 2, what is 100111100100 - 101011?
100110111001
In base 16, what is 1cfd - -1d?
1d1a
In base 15, what is -6b + 392?
326
In base 9, what is 5 - -26070?
26075
In base 14, what is 30824 + 0?
30824
In base 13, what is 8 + -20b71?
-20b66
In base 8, what is -7 + 13273?
13264
In base 9, what is 1 - -8866?
8867
In base 14, what is 2a - -859?
885
In base 7, what is -122616 - -14?
-122602
In base 7, what is -564462 - 31?
-564523
In base 7, what is -1534 - 2010?
-3544
In base 13, what is -91 + 13298?
13207
In base 4, what is 0 + 3112110120?
3112110120
In base 6, what is -1453 - -114?
-1335
In base 8, what is -3410 - -31?
-3357
In base 16, what is 35b6cc - 2?
35b6ca
In base 11, what is -21 - -3a000?
39a8a
In base 13, what is -4341b0 - -3?
-4341aa
In base 4, what is -1330023 - 10?
-1330033
In base 8, what is 3 + 330623?
330626
In base 6, what is 10412 + -105?
10303
In base 2, what is -1111001001 - -10?
-1111000111
In base 5, what is -44 - -124303?
124204
In base 3, what is 1112220 - 1210112?
-20122
In base 11, what is -3 + 52074?
52071
In base 14, what is 26d9b6 - -2?
26d9b8
In base 7, what is -102 - 63030?
-63132
In base 2, what is -10 + -1010100101001100?
-1010100101001110
In base 15, what is 2 - -14d6?
14d8
In base 2, what is 101111001001 + 1101001100?
111100010101
In base 6, what is -113 - -2415?
2302
In base 9, what is 0 + -27334?
-27334
In base 14, what is -10 + -37d0?
-3800
In base 7, what is -1302 - -405?
-564
In base 5, what is -10 + 4303122?
4303112
In base 8, what is 4 - -60016?
60022
In base 15, what is 5396 - 2a?
536b
In base 9, what is 12140 + 4?
12144
In base 2, what is 110110001000 + 1100?
110110010100
In base 3, what is 2221201 - 11101?
2210100
In base 8, what is 173 - -702?
1075
In base 9, what is -7 + -7077?
-7085
In base 3, what is 0 - 220202110?
-220202110
In base 15, what